{"id":3190,"date":"2019-11-08T11:28:09","date_gmt":"2019-11-08T10:28:09","guid":{"rendered":"https:\/\/www.sabbafrisca.com\/museo-vivente\/"},"modified":"2024-01-15T12:41:43","modified_gmt":"2024-01-15T11:41:43","slug":"museo-vivente","status":"publish","type":"page","link":"https:\/\/www.sabbafrisca.com\/cs\/museo-vivente\/","title":{"rendered":"\u017div\u00e9 muzeum"},"content":{"rendered":"<p>Aby byl z\u00e1\u017eitek z n\u00e1v\u0161t\u011bvy je\u0161t\u011b poutav\u011bj\u0161\u00ed, Skanzen <em>Museo S&#8217;Abba Frisca<\/em> po\u0159\u00e1d\u00e1 pravideln\u011b, nebo na po\u017e\u00e1d\u00e1n\u00ed, uk\u00e1zky <strong><em>h<\/em><\/strong>, b\u011bhem nich\u017e se m\u016f\u017eete st\u00e1t sv\u011bdky pr\u00e1ce \u0159emesln\u00edk\u016f, kte\u0159\u00ed v\u00e1m v p\u016fvodn\u00edm prost\u0159ed\u00ed p\u0159edvedou typick\u00e1 um\u011bn\u00ed a \u0159emesla zem\u011bd\u011blsko-pasteveck\u00e9 kultury.<\/p>\n","protected":false},"excerpt":{"rendered":"<p>Aby byl z\u00e1\u017eitek z n\u00e1v\u0161t\u011bvy je\u0161t\u011b poutav\u011bj\u0161\u00ed, Skanzen Museo S&#8217;Abba Frisca po\u0159\u00e1d\u00e1 pravideln\u011b, nebo na po\u017e\u00e1d\u00e1n\u00ed, uk\u00e1zky h, b\u011bhem nich\u017e se m\u016f\u017eete st\u00e1t sv\u011bdky pr\u00e1ce \u0159emesln\u00edk\u016f, kte\u0159\u00ed v\u00e1m v p\u016fvodn\u00edm&#8230;<\/p>\n","protected":false},"author":1,"featured_media":2910,"parent":0,"menu_order":0,"comment_status":"closed","ping_status":"closed","template":"page-museo.php","meta":{"_acf_changed":false,"footnotes":""},"class_list":["post-3190","page","type-page","status-publish","has-post-thumbnail","hentry"],"acf":[],"yoast_head":"<!-- This site is optimized with the Yoast SEO plugin v25.9 - https:\/\/yoast.com\/wordpress\/plugins\/seo\/ -->\n<title>\u017div\u00e9 muzeum - S&#039;Abba Frisca Parco Museo<\/title>\n<meta name=\"robots\" content=\"index, follow, max-snippet:-1, max-image-preview:large, max-video-preview:-1\" \/>\n<link rel=\"canonical\" href=\"https:\/\/www.sabbafrisca.com\/cs\/museo-vivente\/\" \/>\n<meta property=\"og:locale\" content=\"cs_CZ\" \/>\n<meta property=\"og:type\" content=\"article\" \/>\n<meta property=\"og:title\" content=\"\u017div\u00e9 muzeum - S&#039;Abba Frisca Parco Museo\" \/>\n<meta property=\"og:description\" content=\"Aby byl z\u00e1\u017eitek z n\u00e1v\u0161t\u011bvy je\u0161t\u011b poutav\u011bj\u0161\u00ed, Skanzen Museo S&#8217;Abba Frisca po\u0159\u00e1d\u00e1 pravideln\u011b, nebo na po\u017e\u00e1d\u00e1n\u00ed, uk\u00e1zky h, b\u011bhem nich\u017e se m\u016f\u017eete st\u00e1t sv\u011bdky pr\u00e1ce \u0159emesln\u00edk\u016f, kte\u0159\u00ed v\u00e1m v p\u016fvodn\u00edm...\" \/>\n<meta property=\"og:url\" content=\"https:\/\/www.sabbafrisca.com\/cs\/museo-vivente\/\" \/>\n<meta property=\"og:site_name\" content=\"S&#039;Abba Frisca Parco Museo\" \/>\n<meta property=\"article:publisher\" content=\"https:\/\/www.facebook.com\/sabbafrisca\" \/>\n<meta property=\"article:modified_time\" content=\"2024-01-15T11:41:43+00:00\" \/>\n<meta property=\"og:image\" content=\"https:\/\/www.sabbafrisca.com\/wp-content\/uploads\/2020\/03\/Museo-vivente-scaled.jpg\" \/>\n\t<meta property=\"og:image:width\" content=\"2560\" \/>\n\t<meta property=\"og:image:height\" content=\"1120\" \/>\n\t<meta property=\"og:image:type\" content=\"image\/jpeg\" \/>\n<meta name=\"twitter:card\" content=\"summary_large_image\" \/>\n<meta name=\"twitter:site\" content=\"@sabbafrisca\" \/>\n<script type=\"application\/ld+json\" class=\"yoast-schema-graph\">{\"@context\":\"https:\/\/schema.org\",\"@graph\":[{\"@type\":\"WebPage\",\"@id\":\"https:\/\/www.sabbafrisca.com\/cs\/museo-vivente\/\",\"url\":\"https:\/\/www.sabbafrisca.com\/cs\/museo-vivente\/\",\"name\":\"\u017div\u00e9 muzeum - S&#039;Abba Frisca Parco Museo\",\"isPartOf\":{\"@id\":\"https:\/\/www.sabbafrisca.com\/cs\/#website\"},\"primaryImageOfPage\":{\"@id\":\"https:\/\/www.sabbafrisca.com\/cs\/museo-vivente\/#primaryimage\"},\"image\":{\"@id\":\"https:\/\/www.sabbafrisca.com\/cs\/museo-vivente\/#primaryimage\"},\"thumbnailUrl\":\"https:\/\/www.sabbafrisca.com\/wp-content\/uploads\/2020\/03\/Museo-vivente-scaled.jpg\",\"datePublished\":\"2019-11-08T10:28:09+00:00\",\"dateModified\":\"2024-01-15T11:41:43+00:00\",\"breadcrumb\":{\"@id\":\"https:\/\/www.sabbafrisca.com\/cs\/museo-vivente\/#breadcrumb\"},\"inLanguage\":\"cs\",\"potentialAction\":[{\"@type\":\"ReadAction\",\"target\":[\"https:\/\/www.sabbafrisca.com\/cs\/museo-vivente\/\"]}]},{\"@type\":\"ImageObject\",\"inLanguage\":\"cs\",\"@id\":\"https:\/\/www.sabbafrisca.com\/cs\/museo-vivente\/#primaryimage\",\"url\":\"https:\/\/www.sabbafrisca.com\/wp-content\/uploads\/2020\/03\/Museo-vivente-scaled.jpg\",\"contentUrl\":\"https:\/\/www.sabbafrisca.com\/wp-content\/uploads\/2020\/03\/Museo-vivente-scaled.jpg\",\"width\":2560,\"height\":1120},{\"@type\":\"BreadcrumbList\",\"@id\":\"https:\/\/www.sabbafrisca.com\/cs\/museo-vivente\/#breadcrumb\",\"itemListElement\":[{\"@type\":\"ListItem\",\"position\":1,\"name\":\"Home\",\"item\":\"https:\/\/www.sabbafrisca.com\/cs\/\"},{\"@type\":\"ListItem\",\"position\":2,\"name\":\"\u017div\u00e9 muzeum\"}]},{\"@type\":\"WebSite\",\"@id\":\"https:\/\/www.sabbafrisca.com\/cs\/#website\",\"url\":\"https:\/\/www.sabbafrisca.com\/cs\/\",\"name\":\"S&#039;Abba Frisca Parco Museo\",\"description\":\"A Dorgali, il Parco Museo della Sardegna\",\"publisher\":{\"@id\":\"https:\/\/www.sabbafrisca.com\/cs\/#organization\"},\"potentialAction\":[{\"@type\":\"SearchAction\",\"target\":{\"@type\":\"EntryPoint\",\"urlTemplate\":\"https:\/\/www.sabbafrisca.com\/cs\/?s={search_term_string}\"},\"query-input\":{\"@type\":\"PropertyValueSpecification\",\"valueRequired\":true,\"valueName\":\"search_term_string\"}}],\"inLanguage\":\"cs\"},{\"@type\":\"Organization\",\"@id\":\"https:\/\/www.sabbafrisca.com\/cs\/#organization\",\"name\":\"Parco Museo S'Abba Frisca\",\"url\":\"https:\/\/www.sabbafrisca.com\/cs\/\",\"logo\":{\"@type\":\"ImageObject\",\"inLanguage\":\"cs\",\"@id\":\"https:\/\/www.sabbafrisca.com\/cs\/#\/schema\/logo\/image\/\",\"url\":\"https:\/\/www.sabbafrisca.com\/wp-content\/uploads\/2022\/01\/Marchio-a-colori.png\",\"contentUrl\":\"https:\/\/www.sabbafrisca.com\/wp-content\/uploads\/2022\/01\/Marchio-a-colori.png\",\"width\":1500,\"height\":1572,\"caption\":\"Parco Museo S'Abba Frisca\"},\"image\":{\"@id\":\"https:\/\/www.sabbafrisca.com\/cs\/#\/schema\/logo\/image\/\"},\"sameAs\":[\"https:\/\/www.facebook.com\/sabbafrisca\",\"https:\/\/x.com\/sabbafrisca\",\"https:\/\/www.instagram.com\/sabbafrisca\/\",\"https:\/\/twitter.com\/sabbafrisca\"]}]}<\/script>\n<!-- \/ Yoast SEO plugin. -->","yoast_head_json":{"title":"\u017div\u00e9 muzeum - S&#039;Abba Frisca Parco Museo","robots":{"index":"index","follow":"follow","max-snippet":"max-snippet:-1","max-image-preview":"max-image-preview:large","max-video-preview":"max-video-preview:-1"},"canonical":"https:\/\/www.sabbafrisca.com\/cs\/museo-vivente\/","og_locale":"cs_CZ","og_type":"article","og_title":"\u017div\u00e9 muzeum - S&#039;Abba Frisca Parco Museo","og_description":"Aby byl z\u00e1\u017eitek z n\u00e1v\u0161t\u011bvy je\u0161t\u011b poutav\u011bj\u0161\u00ed, Skanzen Museo S&#8217;Abba Frisca po\u0159\u00e1d\u00e1 pravideln\u011b, nebo na po\u017e\u00e1d\u00e1n\u00ed, uk\u00e1zky h, b\u011bhem nich\u017e se m\u016f\u017eete st\u00e1t sv\u011bdky pr\u00e1ce \u0159emesln\u00edk\u016f, kte\u0159\u00ed v\u00e1m v p\u016fvodn\u00edm...","og_url":"https:\/\/www.sabbafrisca.com\/cs\/museo-vivente\/","og_site_name":"S&#039;Abba Frisca Parco Museo","article_publisher":"https:\/\/www.facebook.com\/sabbafrisca","article_modified_time":"2024-01-15T11:41:43+00:00","og_image":[{"width":2560,"height":1120,"url":"https:\/\/www.sabbafrisca.com\/wp-content\/uploads\/2020\/03\/Museo-vivente-scaled.jpg","type":"image\/jpeg"}],"twitter_card":"summary_large_image","twitter_site":"@sabbafrisca","schema":{"@context":"https:\/\/schema.org","@graph":[{"@type":"WebPage","@id":"https:\/\/www.sabbafrisca.com\/cs\/museo-vivente\/","url":"https:\/\/www.sabbafrisca.com\/cs\/museo-vivente\/","name":"\u017div\u00e9 muzeum - S&#039;Abba Frisca Parco Museo","isPartOf":{"@id":"https:\/\/www.sabbafrisca.com\/cs\/#website"},"primaryImageOfPage":{"@id":"https:\/\/www.sabbafrisca.com\/cs\/museo-vivente\/#primaryimage"},"image":{"@id":"https:\/\/www.sabbafrisca.com\/cs\/museo-vivente\/#primaryimage"},"thumbnailUrl":"https:\/\/www.sabbafrisca.com\/wp-content\/uploads\/2020\/03\/Museo-vivente-scaled.jpg","datePublished":"2019-11-08T10:28:09+00:00","dateModified":"2024-01-15T11:41:43+00:00","breadcrumb":{"@id":"https:\/\/www.sabbafrisca.com\/cs\/museo-vivente\/#breadcrumb"},"inLanguage":"cs","potentialAction":[{"@type":"ReadAction","target":["https:\/\/www.sabbafrisca.com\/cs\/museo-vivente\/"]}]},{"@type":"ImageObject","inLanguage":"cs","@id":"https:\/\/www.sabbafrisca.com\/cs\/museo-vivente\/#primaryimage","url":"https:\/\/www.sabbafrisca.com\/wp-content\/uploads\/2020\/03\/Museo-vivente-scaled.jpg","contentUrl":"https:\/\/www.sabbafrisca.com\/wp-content\/uploads\/2020\/03\/Museo-vivente-scaled.jpg","width":2560,"height":1120},{"@type":"BreadcrumbList","@id":"https:\/\/www.sabbafrisca.com\/cs\/museo-vivente\/#breadcrumb","itemListElement":[{"@type":"ListItem","position":1,"name":"Home","item":"https:\/\/www.sabbafrisca.com\/cs\/"},{"@type":"ListItem","position":2,"name":"\u017div\u00e9 muzeum"}]},{"@type":"WebSite","@id":"https:\/\/www.sabbafrisca.com\/cs\/#website","url":"https:\/\/www.sabbafrisca.com\/cs\/","name":"S&#039;Abba Frisca Parco Museo","description":"A Dorgali, il Parco Museo della Sardegna","publisher":{"@id":"https:\/\/www.sabbafrisca.com\/cs\/#organization"},"potentialAction":[{"@type":"SearchAction","target":{"@type":"EntryPoint","urlTemplate":"https:\/\/www.sabbafrisca.com\/cs\/?s={search_term_string}"},"query-input":{"@type":"PropertyValueSpecification","valueRequired":true,"valueName":"search_term_string"}}],"inLanguage":"cs"},{"@type":"Organization","@id":"https:\/\/www.sabbafrisca.com\/cs\/#organization","name":"Parco Museo S'Abba Frisca","url":"https:\/\/www.sabbafrisca.com\/cs\/","logo":{"@type":"ImageObject","inLanguage":"cs","@id":"https:\/\/www.sabbafrisca.com\/cs\/#\/schema\/logo\/image\/","url":"https:\/\/www.sabbafrisca.com\/wp-content\/uploads\/2022\/01\/Marchio-a-colori.png","contentUrl":"https:\/\/www.sabbafrisca.com\/wp-content\/uploads\/2022\/01\/Marchio-a-colori.png","width":1500,"height":1572,"caption":"Parco Museo S'Abba Frisca"},"image":{"@id":"https:\/\/www.sabbafrisca.com\/cs\/#\/schema\/logo\/image\/"},"sameAs":["https:\/\/www.facebook.com\/sabbafrisca","https:\/\/x.com\/sabbafrisca","https:\/\/www.instagram.com\/sabbafrisca\/","https:\/\/twitter.com\/sabbafrisca"]}]}},"_links":{"self":[{"href":"https:\/\/www.sabbafrisca.com\/cs\/wp-json\/wp\/v2\/pages\/3190","targetHints":{"allow":["GET"]}}],"collection":[{"href":"https:\/\/www.sabbafrisca.com\/cs\/wp-json\/wp\/v2\/pages"}],"about":[{"href":"https:\/\/www.sabbafrisca.com\/cs\/wp-json\/wp\/v2\/types\/page"}],"author":[{"embeddable":true,"href":"https:\/\/www.sabbafrisca.com\/cs\/wp-json\/wp\/v2\/users\/1"}],"replies":[{"embeddable":true,"href":"https:\/\/www.sabbafrisca.com\/cs\/wp-json\/wp\/v2\/comments?post=3190"}],"version-history":[{"count":7,"href":"https:\/\/www.sabbafrisca.com\/cs\/wp-json\/wp\/v2\/pages\/3190\/revisions"}],"predecessor-version":[{"id":3199,"href":"https:\/\/www.sabbafrisca.com\/cs\/wp-json\/wp\/v2\/pages\/3190\/revisions\/3199"}],"wp:featuredmedia":[{"embeddable":true,"href":"https:\/\/www.sabbafrisca.com\/cs\/wp-json\/wp\/v2\/media\/2910"}],"wp:attachment":[{"href":"https:\/\/www.sabbafrisca.com\/cs\/wp-json\/wp\/v2\/media?parent=3190"}],"curies":[{"name":"wp","href":"https:\/\/api.w.org\/{rel}","templated":true}]}}

Živé muzeum

<p>Aby byl zážitek z návštěvy ještě poutavější, Skanzen <em>Museo S&#8217;Abba Frisca</em> pořádá pravidelně, nebo na požádání, ukázky <strong><em>h</em></strong>, během nichž se můžete stát svědky práce řemeslníků, kteří vám v původním prostředí předvedou typická umění a řemesla zemědělsko-pastevecké kultury.</p>

<p>Aby byl zážitek z návštěvy ještě poutavější, Skanzen Museo S&#8217;Abba Frisca pořádá pravidelně, nebo na požádání, ukázky h, během nichž se můžete stát svědky práce řemeslníků, kteří vám v původním&#8230;</p>

<!-- This site is optimized with the Yoast SEO plugin v25.9 - https://yoast.com/wordpress/plugins/seo/ -->
<title>Živé muzeum - S&#039;Abba Frisca Parco Museo</title>
<meta name="robots" content="index, follow, max-snippet:-1, max-image-preview:large, max-video-preview:-1" />
<link rel="canonical" href="https://www.sabbafrisca.com/cs/museo-vivente/" />
<meta property="og:locale" content="cs_CZ" />
<meta property="og:type" content="article" />
<meta property="og:title" content="Živé muzeum - S&#039;Abba Frisca Parco Museo" />
<meta property="og:description" content="Aby byl zážitek z návštěvy ještě poutavější, Skanzen Museo S&#8217;Abba Frisca pořádá pravidelně, nebo na požádání, ukázky h, během nichž se můžete stát svědky práce řemeslníků, kteří vám v původním..." />
<meta property="og:url" content="https://www.sabbafrisca.com/cs/museo-vivente/" />
<meta property="og:site_name" content="S&#039;Abba Frisca Parco Museo" />
<meta property="article:publisher" content="https://www.facebook.com/sabbafrisca" />
<meta property="article:modified_time" content="2024-01-15T11:41:43+00:00" />
<meta property="og:image" content="https://www.sabbafrisca.com/wp-content/uploads/2020/03/Museo-vivente-scaled.jpg" />
	<meta property="og:image:width" content="2560" />
	<meta property="og:image:height" content="1120" />
	<meta property="og:image:type" content="image/jpeg" />
<meta name="twitter:card" content="summary_large_image" />
<meta name="twitter:site" content="@sabbafrisca" />
<script type="application/ld+json" class="yoast-schema-graph">{"@context":"https://schema.org","@graph":[{"@type":"WebPage","@id":"https://www.sabbafrisca.com/cs/museo-vivente/","url":"https://www.sabbafrisca.com/cs/museo-vivente/","name":"Živé muzeum - S&#039;Abba Frisca Parco Museo","isPartOf":{"@id":"https://www.sabbafrisca.com/cs/#website"},"primaryImageOfPage":{"@id":"https://www.sabbafrisca.com/cs/museo-vivente/#primaryimage"},"image":{"@id":"https://www.sabbafrisca.com/cs/museo-vivente/#primaryimage"},"thumbnailUrl":"https://www.sabbafrisca.com/wp-content/uploads/2020/03/Museo-vivente-scaled.jpg","datePublished":"2019-11-08T10:28:09+00:00","dateModified":"2024-01-15T11:41:43+00:00","breadcrumb":{"@id":"https://www.sabbafrisca.com/cs/museo-vivente/#breadcrumb"},"inLanguage":"cs","potentialAction":[{"@type":"ReadAction","target":["https://www.sabbafrisca.com/cs/museo-vivente/"]}]},{"@type":"ImageObject","inLanguage":"cs","@id":"https://www.sabbafrisca.com/cs/museo-vivente/#primaryimage","url":"https://www.sabbafrisca.com/wp-content/uploads/2020/03/Museo-vivente-scaled.jpg","contentUrl":"https://www.sabbafrisca.com/wp-content/uploads/2020/03/Museo-vivente-scaled.jpg","width":2560,"height":1120},{"@type":"BreadcrumbList","@id":"https://www.sabbafrisca.com/cs/museo-vivente/#breadcrumb","itemListElement":[{"@type":"ListItem","position":1,"name":"Home","item":"https://www.sabbafrisca.com/cs/"},{"@type":"ListItem","position":2,"name":"Živé muzeum"}]},{"@type":"WebSite","@id":"https://www.sabbafrisca.com/cs/#website","url":"https://www.sabbafrisca.com/cs/","name":"S&#039;Abba Frisca Parco Museo","description":"A Dorgali, il Parco Museo della Sardegna","publisher":{"@id":"https://www.sabbafrisca.com/cs/#organization"},"potentialAction":[{"@type":"SearchAction","target":{"@type":"EntryPoint","urlTemplate":"https://www.sabbafrisca.com/cs/?s={search_term_string}"},"query-input":{"@type":"PropertyValueSpecification","valueRequired":true,"valueName":"search_term_string"}}],"inLanguage":"cs"},{"@type":"Organization","@id":"https://www.sabbafrisca.com/cs/#organization","name":"Parco Museo S'Abba Frisca","url":"https://www.sabbafrisca.com/cs/","logo":{"@type":"ImageObject","inLanguage":"cs","@id":"https://www.sabbafrisca.com/cs/#/schema/logo/image/","url":"https://www.sabbafrisca.com/wp-content/uploads/2022/01/Marchio-a-colori.png","contentUrl":"https://www.sabbafrisca.com/wp-content/uploads/2022/01/Marchio-a-colori.png","width":1500,"height":1572,"caption":"Parco Museo S'Abba Frisca"},"image":{"@id":"https://www.sabbafrisca.com/cs/#/schema/logo/image/"},"sameAs":["https://www.facebook.com/sabbafrisca","https://x.com/sabbafrisca","https://www.instagram.com/sabbafrisca/","https://twitter.com/sabbafrisca"]}]}</script>
<!-- / Yoast SEO plugin. -->

Živé muzeum - S&#039;Abba Frisca Parco Museo

Aby byl zážitek z návštěvy ještě poutavější, Skanzen Museo S&#8217;Abba Frisca pořádá pravidelně, nebo na požádání, ukázky h, během nichž se můžete stát svědky práce řemeslníků, kteří vám v původním...
